e highest common divisor of 148 and 39437671.
37
What is the greatest common divisor of 4010650 and 980?
490
Calculate the highest common factor of 97727 and 26726.
161
Calculate the highest common divisor of 839610 and 135.
45
Calculate the greatest common factor of 95529967 and 19.
19
What is the highest common factor of 1920485 and 2405?
185
Calculate the highest common divisor of 1432 and 4157275.
179
Calculate the greatest common divisor of 437865 and 45.
15
Calculate the highest common divisor of 62063073 and 153.
153
What is the greatest common divisor of 1412 and 243499400?
1412
What is the highest common factor of 8335148 and 190?
38
What is the greatest common factor of 4014 and 83574?
18
Calculate the greatest common factor of 501888 and 9824.
32
Calculate the highest common factor of 264864 and 51531.
267
Calculate the greatest common factor of 12200052 and 798.
114
Calculate the greatest common factor of 87020 and 3090.
10
Calculate the greatest common factor of 3950114 and 170366.
3962
What is the greatest common divisor of 304076813 and 46?
23
Calculate the greatest common factor of 1125918 and 781.
71
What is the highest common factor of 27513 and 532143?
27
What is the highest common factor of 50 and 12288490?
10
Calculate the greatest common factor of 14 and 299482736.
14
What is the greatest common divisor of 648172 and 7188?
4
Calculate the highest common divisor of 8412596 and 4.
4
Calculate the greatest common factor of 42350 and 8209850.
6050
What is the greatest common divisor of 26250 and 3273750?
3750
What is the highest common factor of 3987544 and 1054229?
4411
Calculate the highest common divisor of 2857 and 1174949821.
2857
What is the greatest common divisor of 1769010 and 435?
15
Calculate the highest common factor of 608294962 and 1551.
517
Calculate the highest common factor of 33447 and 519.
3
Calculate the greatest common divisor of 2425 and 4934875.
2425
Calculate the highest common factor of 5088 and 957816.
1272
What is the greatest common divisor of 1235 and 265707065?
65
What is the highest common factor of 9832326 and 30?
6
Calculate the greatest common divisor of 7891 and 172497.
13
Calculate the greatest common factor of 286 and 163052747.
143
What is the highest common divisor of 1973535 and 615?
615
What is the greatest common divisor of 1219137201 and 459?
153
Calculate the greatest common divisor of 12341545 and 198208.
3097
What is the greatest common factor of 408 and 930359?
17
Calculate the highest common factor of 11426 and 199520.
58
What is the highest common divisor of 158380 and 1080?
20
Calculate the greatest common factor of 135 and 577157346.
27
What is the greatest common factor of 322428 and 62080?
388
What is the greatest common factor of 427932693 and 18873?
6291
Calculate the greatest common factor of 17 and 32832049.
17
Calculate the greatest common divisor of 12749988 and 684.
228
What is the highest common divisor of 4515049 and 8596?
2149
Calculate the greatest common divisor of 56281992 and 169.
13
Calculate the highest common factor of 709900 and 52700.
3100
What is the highest common divisor of 28926 and 2412?
18
Calculate the highest common factor of 16188 and 39161328.
852
What is the highest common factor of 56117 and 4046?
17
Calculate the greatest common factor of 6551666 and 10406.
242
What is the highest common divisor of 14 and 15692943?
7
Calculate the highest common divisor of 1059 and 201726086.
353
Calculate the greatest common divisor of 959983 and 67646.
227
What is the greatest common divisor of 7758 and 4190182?
862
Calculate the greatest common divisor of 506475 and 20475.
225
What is the greatest common factor of 325 and 5166325?
25
What is the greatest common factor of 11600 and 2242800?
400
Calculate the highest common divisor of 24 and 97940694.
6
Calculate the highest common factor of 655 and 339159.
131
What is the highest common divisor of 124992 and 141480528?
10416
Calculate the highest common factor of 60282 and 1062585.
153
What is the highest common factor of 1222 and 21298614?
94
Calculate the greatest common factor of 40577648 and 2968.
424
Calculate the highest common divisor of 566759413 and 187.
187
What is the highest common factor of 1037 and 104066?
61
What is the highest common factor of 43554628 and 496?
124
What is the greatest common divisor of 46535256 and 90364?
2204
What is the greatest common factor of 33791100 and 3675?
525
What is the greatest common factor of 624001 and 30555?
679
What is the greatest common divisor of 55595292 and 1786?
38
What is the greatest common factor of 4930 and 10817610?
170
Calculate the highest common divisor of 21407584 and 305.
61
Calculate the highest common factor of 1209 and 345371.
403
Calculate the highest common factor of 185 and 176126549.
37
What is the greatest common divisor of 10424916 and 63?
9
Calculate the highest common divisor of 2856 and 18961222.
238
Calculate the highest common divisor of 2010 and 107682.
6
What is the highest common factor of 490300 and 150?
50
Calculate the highest common factor of 2459532 and 414093.
291
What is the greatest common divisor of 24757 and 3384717?
19
What is the highest common divisor of 5581012 and 3204?
356
Calculate the greatest common factor of 4448 and 1709472.
32
Calculate the greatest common factor of 9558 and 419962.
118
Calculate the highest common divisor of 16682248 and 2344.
2344
What is the greatest common factor of 3071457 and 8406?
9
Calculate the highest common divisor of 147732 and 31811.
13
What is the greatest common factor of 9026352 and 108?
36
Calculate the greatest common factor of 54804190 and 8.
2
Calculate the greatest common factor of 335484929 and 26.
13
Calculate the greatest common factor of 7317 and 911102.
271
Calculate the highest common divisor of 40552611 and 7590.
759
What is the greatest common factor of 760768 and 2656?
32
Calculate the highest common factor of 60956 and 160916.
196
What is the greatest common factor of 423138032 and 16?
16
Calculate the highest common factor of 3 and 51416814.
3
What is the greatest common divisor of 205680 and 1730283?
2571
What is the greatest common divisor of 28 and 350452?
4
What is the greatest common divisor of 236 and 29614760?
4
Calculate the highest common factor of 3817 and 52943.
11
What is the highest common divisor of 618 and 1129350813?
309
What is the highest common divisor of 1151358934 and 218?
218
What is the greatest common factor of 32 and 202348144?
16
Calculate the greatest common divisor of 191200 and 71200.
800
What is the greatest common factor of 60962784 and 48?
48
Calculate the greatest common factor of 59 and 13348219.
59
What is the greatest common factor of 16129655 and 95?
5
Calculate the greatest common factor of 306 and 9026388.
306
Calculate the greatest common divisor of 126 and 35306.
2
What is the greatest common factor of 929 and 417039248?
929
What is the highest common factor of 32616 and 1761113?
151
Calculate the greatest common factor of 129 and 20729569.
43
Calculate the highest common divisor of 28388 and 241392.
188
What is the greatest common divisor of 123783 and 10137?
93
What is the greatest common factor of 221 and 20386990?
13
What is the highest common factor of 6952 and 28620752?
632
What is the greatest common divisor of 1124164 and 201868?
1852
What is the highest common factor of 789171 and 1354800?
3387
Calculate the highest common factor of 3105912 and 174879.
381
Calculate the greatest common factor of 18226822 and 136.
34
Calculate the greatest common factor of 81 and 21603132.
27
Calculate the highest common divisor of 509268 and 14948.
148
Calculate the greatest common divisor of 41696217 and 48.
3
What is the greatest common factor of 127072 and 34?
2
Calculate the greatest common divisor of 92 and 101810.
2
Calculate the greatest common divisor of 24 and 5811996.
12
What is the greatest common divisor of 17528329 and 1029?
343
What is the highest common divisor of 336 and 10602672?
48
Calculate the greatest common factor of 468 and 81224481.
39
Calculate the greatest common divisor of 1085 and 3216290.
35
Calculate the highest common factor of 864 and 7703724.
12
What is the greatest common divisor of 